0288?
0
What is the hundreds digit of 4049?
0
What is the tens digit of 2745?
4
What is the tens digit of 8880?
8
What is the thousands digit of 7425?
7
What is the tens digit of 1841?
4
What is the units digit of 212?
2
What is the units digit of 551?
1
What is the hundreds digit of 17716?
7
What is the units digit of 14649?
9
What is the tens digit of 3151?
5
What is the hundred thousands digit of 113618?
1
What is the tens digit of 1893?
9
What is the tens digit of 2929?
2
What is the units digit of 279?
9
What is the thousands digit of 67874?
7
What is the hundreds digit of 118239?
2
What is the ten thousands digit of 13454?
1
What is the hundreds digit of 2651?
6
What is the units digit of 7210?
0
What is the thousands digit of 50950?
0
What is the units digit of 432?
2
What is the tens digit of 12904?
0
What is the thousands digit of 25010?
5
What is the tens digit of 6278?
7
What is the ten thousands digit of 85194?
8
What is the units digit of 6318?
8
What is the tens digit of 2859?
5
What is the hundreds digit of 8409?
4
What is the units digit of 6617?
7
What is the thousands digit of 37539?
7
What is the units digit of 1200?
0
What is the tens digit of 825?
2
What is the thousands digit of 3475?
3
What is the thousands digit of 69817?
9
What is the thousands digit of 32009?
2
What is the thousands digit of 8913?
8
What is the units digit of 481?
1
What is the units digit of 368?
8
What is the thousands digit of 3292?
3
What is the hundreds digit of 3344?
3
What is the units digit of 400?
0
What is the units digit of 9377?
7
What is the hundreds digit of 5844?
8
What is the units digit of 1799?
9
What is the units digit of 705?
5
What is the units digit of 585?
5
What is the units digit of 7357?
7
What is the units digit of 5548?
8
What is the ten thousands digit of 14308?
1
What is the hundreds digit of 807?
8
What is the tens digit of 1715?
1
What is the hundreds digit of 43114?
1
What is the hundreds digit of 80543?
5
What is the hundreds digit of 1131?
1
What is the units digit of 3289?
9
What is the tens digit of 1897?
9
What is the units digit of 122963?
3
What is the hundreds digit of 3006?
0
What is the thousands digit of 4569?
4
What is the tens digit of 14177?
7
What is the units digit of 57?
7
What is the units digit of 15305?
5
What is the thousands digit of 51647?
1
What is the thousands digit of 12385?
2
What is the thousands digit of 1629?
1
What is the hundreds digit of 38652?
6
What is the ten thousands digit of 32482?
3
What is the hundreds digit of 169?
1
What is the tens digit of 59909?
0
What is the units digit of 13209?
9
What is the units digit of 497?
7
What is the thousands digit of 1342?
1
What is the thousands digit of 3773?
3
What is the thousands digit of 12258?
2
What is the ten thousands digit of 118002?
1
What is the ten thousands digit of 141193?
4
What is the units digit of 875?
5
What is the units digit of 3737?
7
What is the thousands digit of 1003?
1
What is the thousands digit of 4713?
4
What is the hundreds digit of 238?
2
What is the hundreds digit of 64793?
7
What is the units digit of 411?
1
What is the units digit of 6866?
6
What is the units digit of 15510?
0
What is the units digit of 8857?
7
What is the units digit of 19053?
3
What is the units digit of 932?
2
What is the hundred thousands digit of 122326?
1
What is the tens digit of 8099?
9
What is the hundreds digit of 680?
6
What is the ten thousands digit of 27721?
2
What is the hundreds digit of 1685?
6
What is the thousands digit of 41133?
1
What is the units digit of 57960?
0
What is the hundreds digit of 9286?
2
What is the tens digit of 1758?
5
What is the units digit of 3470?
0
What is the tens digit of 1166?
6
What is the hundreds digit of 706?
7
What is the thousands digit of 9819?
9
What is the units digit of 1345?
5
What is the thousands digit of 22342?
2
What is the thousands digit of 1068?
1
What is the tens digit of 30900?
0
What is the hundreds digit of 47491?
4
What is the thousands digit of 18002?
8
What is the units digit of 100190?
0
What is the units digit of 361?
1
What is the hundreds digit of 149177?
1
What is the units digit of 10661?
1
What is the thousands digit of 1060?
1
What is the tens digit of 75174?
7
What is the thousands digit of 51210?
1
What is the tens digit of 2252?
5
What is the thousands digit of 49483?
9
What is the hundreds digit of 15323?
3
What is the thousands digit of 14112?
4
What is the units digit of 9596?
6
What is the thousands digit of 2069?
2
What is the hundreds digit of 5199?
1
What is the thousands digit of 46581?
6
What is the tens digit of 21?
2
What is the ten thousands digit of 44814?
4
What is the units digit of 134?
4
What is the tens digit of 5802?
0
What is the tens digit of 4892?
9
What is the hundreds digit of 354?
3
What is the tens digit of 64555?
5
What is the tens digit of 5018?
1
What is the hundreds digit of 9784?
7
What is the units digit of 961?
1
What is the hundreds digit of 30284?
2
What is the thousands digit of 1692?
1
What is the hundreds digit of 851?
8
What is the tens digit of 3859?
5
What is the hundreds digit of 3705?
7
What is the units digit of 21760?
0
What is the hundreds digit of 5030?
0
What is the units digit of 14394?
4
What is the ten thousands digit of 57148?
5
What is the thousands digit of 17549?
7
What is the ten thousands digit of 39418?
3
What is the units digit of 4399?
9
What is the thousands digit of 94722?
4
What is the hundreds digit of 78153?
1
What is the thousands digit of 44556?
4
What is the tens digit of 7060?
6
What is the tens digit of 564?
6
What is the tens digit of 1271?
7
What is the tens digit of 721?
2
What is the tens digit of 15912?
1
What is the hundreds digit of 2071?
0
What is the units digit of 12202?
2
What is the units digit of 4351?
1
What is the units digit of 10300?
0
What is the units digit of 99326?
6
What is the tens digit of 3980?
8
What is the hundreds digit of 12748?
7
What is the tens digit of 23?
2
What is the ten thousands digit of 164145?
6
What is the units digit of 35763?
3
What is the hundreds digit of 107?
1
What is the units digit of 801?
1
What is the thousands digit of 102956?
2
What is the tens digit of 65632?
3
What is the units digit of 20372?
2
What is the units digit of 4872?
2
What is the thousands digit of 12103?
2
What is the tens digit of 1154?
5
What is the thousands digit of 15974?
5
What is the hundreds digit of 22172?
1
What is the hundreds digit of 9158?
1
What is the tens digit of 31173?
7
What is the hundreds digit of 1124?
1
What is the thousands digit of 20524?
0
What is the thousands digit of 99793?
9
What is the tens digit of 9837?
3
What is the ten thousands digit of 15170?
1
What is the units digit of 355?
5
What is the tens digit of 2887?
8
What is the units digit of 24805?
5
What is the tens digit of 15820?
2
What is the tens digit of 121396?
9
What is the units digit of 1585?
5
What is the units digit of 314?
4
What is the tens digit of 49046?
4
What is the hundreds digit of 13176?
1
What is the units digit of 23751?
1
What is the tens digit of 15009?
0
What is the tens digit of 52845?
4
What is the units digit of 3263?
3
What is the hundreds digit of 3789?
7
What is the units digit of 2468?
8
What is the thousands digit of 1097?
1
What is the thousands digit of 27276?
7
What is the units digit of 573?
3
What is the ten thousands digit of 42616?
4
What is the units digit of 45580?
0
What is the hundreds digit of 1662?
6
What is the hundred thousands digit of 128939?
1
What is the thousands digit of 78920?
8
What is the tens digit of 21241?
4
What is the thousands digit of 19296?
9
What is the units digit of 2608?
8
What is the hundreds digit of 74969?
9
What is the units digit of 8029?
9
What is the tens digit of 1380?
8
What is the thousands digit of 3935?
3
What is the tens digit of 33741?
4
What is the ten thousands digit of 12533?
1
What is the tens digit of 8947?
4
What is the tens digit of 7463?
6
What is the units digit of 687?
7
What is the units digit of 1692?
2
What is the units digit of 492?
2
What is the tens digit of 473?
7
What is the hundreds digit of 6416?
4
What is the thousands digit of 1642?
1
What is the tens digit of 16018?
1
What is the uni